h + 6*h + 6 = 0. Let v be (4303 - -15)*1/(h + 0). Suppose -n - v = -3*n. Is n prime?
False
Let z(j) = 3038*j**2 + 10*j - 11. Suppose -34*b + 36*b - 2 = 0. Is z(b) composite?
False
Let x(a) = -3*a + 6. Let n be x(1). Suppose t = 2, -3*w + 7*t = n*t - 7369. Is w composite?
False
Let n(y) = -2*y**2 - 33*y - 13. Let w be n(-16). Suppose 315 = 5*i - 5*t, w*i - 4*t - 233 = -46. Is i a prime number?
False
Let i(u) = 2*u**3 + 3*u**2 + u - 3. Let d be i(1). Suppose 0 = 4*f - 2*x - 50130, -d*f = -4*f + 5*x + 12546. Is f composite?
True
Suppose u = 5*i - 41, -i + 2*u = -0*i - 1. Let t(f) = f**2 - 8*f - 16. Let c be t(i). Let q(p) = 13*p**2 - 10*p - 10. Is q(c) composite?
True
Suppose 0 = -118*t + 2252027 + 2796839. Is t a composite number?
False
Suppose -5*q = 3*d - 858671, 4*d - 536346 = 2*q + 608514. Is d composite?
True
Let f(n) = -7*n**3 + 15*n**2 + 54*n - 7. Suppose -519*i = -522*i - 24. Is f(i) prime?
False
Let q = -4 + 6. Suppose -22*a + 402 - 248 = 0. Suppose 6245 = -q*p + a*p. Is p a prime number?
True
Let d be (4/10)/(12/(-60)). Is (d/(4/(-2531)))/((-8)/(-16)) a prime number?
True
Let c be 2/(70/(-74) + 1). Let l = 37 - c. Suppose l = -f - 25 + 140. Is f prime?
False
Suppose -56629*i + 6870114 = -56611*i. Is i a prime number?
True
Suppose -3*t = 3 - 15, 4*t - 64 = -u. Is (8/u)/(6/115812) composite?
False
Suppose -5*g + 3*n + 4542 - 51343 = 0, 0 = -g - 5*n - 9349. Let k = -3768 - g. Is k composite?
False
Suppose -5*x + 25 = 4*n, 5 + 0 = -3*n + x. Suppose n = -32*w + 27*w + 10. Suppose -w*i + 3801 = s, 2249 = 4*i - 4*s - 5359. Is i a prime number?
True
Let c = 639448 - 342956. Suppose 0 = -27*f - f + c. Is f a prime number?
True
Let c(d) = d**3 - 8*d + 2267. Let h be c(0). Let o = h + -534. Is o a composite number?
False
Suppose 6*t - 11*t + 15 = 0. Suppose 16 = -4*y, t*p - 4*p - 18 = 5*y. Suppose 2*k + p*m = 980, 0*m = -m + 3. Is k a composite number?
False
Let r be 28/(-6)*12*6. Let j be (654 - 1) + (-16 + 4 - -14). Let y = j + r. Is y a composite number?
True
Let x = 62349 - -145616. Is x composite?
True
Suppose -9*x = 24700 + 39488. Is (x/(-8))/(-3*3/(-90)) a prime number?
False
Let c(t) = t**2 - 6*t + 12. Let i be c(7). Let a = i + 115. Let l = a - -57. Is l prime?
True
Let z(u) be the third derivative of 123*u**4/8 - u**3/6 - u**2 + 90*u. Suppose -d = h - 5, 2*d = 5*d - 5*h + 9. Is z(d) composite?
True
Is ((-9)/6)/((-30)/4528820) prime?
False
Let z be (4/(-6))/(45/(-2106675)). Suppose -2*o + z = -3*s, -5*o = -3*o + 2*s - 31190. Is o composite?
True
Let a(v) = 47*v**2 - 10*v**3 + 11*v - 40*v + 3 + 5*v**3 + 4*v**3. Is a(20) a composite number?
False
Suppose 23784 = 15*s - 21*s. Let j = s - -5817. Is j composite?
True
Suppose -67438947 + 172791995 = 358*u - 219474314. Is u composite?
True
Let g(t) be the second derivative of 26*t**4 - t**3/3 + 23*t**2/2 + 63*t. Is g(-6) composite?
True
Let y(d) = d**2 + 22*d + 77. Let s be y(-19). Suppose -3*o - 59449 = -s*o. Is o composite?
True
Let g(k) = k**3 + k**2 + k. Suppose 0 = 8*c + 1 + 7. Let j(v) = 19*v**3 + 5*v**2 + 5*v + 5. Let s(d) = c*j(d) + g(d). Is s(-4) a composite number?
True
Let c(t) be the second derivative of 71*t**3/2 - 31*t**2/2 - 3*t + 4. Is c(4) composite?
False
Let p(r) = -r**3 - r**2 + r + 2. Let u be p(0). Let z be 241 + (4 - 6)*u. Suppose 3*w - 189 = z. Is w a composite number?
True
Suppose -4*h + 2*h = -70. Is (h/20)/(2/2984) composite?
True
Is ((-79832)/(-24))/((-3)/(-9)) a composite number?
True
Suppose 5*q - 8*q + 93 = 3*j, 3*j + 43 = q. Suppose -q*m = -20*m - 40306. Is m prime?
True
Is -894*(4/12 - (-2363)/(-102)) a prime number?
False
Suppose -24*c + 21 + 123 = 0. Suppose 11*s = -5*z + c*s + 19885, 0 = 2*s. Is z a prime number?
False
Let k(t) = 3570*t - 587. Is k(7) a composite number?
True
Let n(q) = -3*q + 37. Let h be n(10). Suppose h*j = 15*j - 3376. Is j prime?
False
Suppose -256 - 20 = -23*r. Is (-2 + 20/r)/((-3)/24039) prime?
True
Let i be (-16)/(-6) - (-11)/33. Let b be 2/(i - 7/3). Suppose -3*p = p - b*m - 1525, 4*p = -4*m + 1504. Is p a prime number?
True
Let l(b) = -397*b + 16. Let i(m) = -199*m + 8. Suppose 0 = -30*j + 33*j - 18. Let q(s) = j*l(s) - 11*i(s). Is q(-5) prime?
False
Suppose -16 - 5 = -3*c. Suppose 3*v - 9 = -p, 3*v - 5*p + c = -v. Suppose -5*f - t + 0*t = -1534, -v*f = 4*t - 610. Is f composite?
False
Let i = 111 - 117. Let o be 2/i - (70/(-21) - -5). Is (0 - o/(-2))*(-2085 + -14) composite?
False
Suppose 34*t + 5 = -97. Is t*(-1)/((-15)/(-21865)) a prime number?
True
Suppose 7*k + 627645 = 3*l, -3*l - 2*k + 627645 = -6*k. Is l prime?
False
Is (2 + (-191717)/(-2))/((-57)/2660*-14) a prime number?
False
Let w = -2978629 - -5065968. Is w composite?
False
Suppose 40*t - 2868699 = -11*t. Is t a prime number?
True
Let u(d) be the third derivative of -59*d**4/24 - 6*d**3 - 43*d**2 + d. Suppose 0 = -5*f + 4*f - 11. Is u(f) composite?
False
Let i = -12 - -31. Suppose 4*u - 30 = -5*j, 2*j - 5*u + 2 + i = 0. Suppose 0 = -j*m + 10, -4*m = -5*d - 3*m + 2450. Is d prime?
True
Suppose 5*w = -12*n + 9*n + 919559, 4*n - 551731 = -3*w. Is w a composite number?
True
Suppose -12 = 3*v, -16*v - 3761601 = -5*z - 17*v. Is z composite?
True
Let o = 259 - 240. Suppose 20*q = o*q + 5305. Is q a prime number?
False
Let p = 180 + -184. Is (-943205)/(-387) - p/(-18) prime?
True
Let v(d) = -298*d + 40. Let l be v(-3). Is (1*l/6)/(25/150) a prime number?
False
Let i(x) = 3*x**2 + 5*x + 9. Let b(l) be the third derivative of l**6/60 - l**5/6 - l**4/24 - l**3/2 + 15*l**2. Let g be b(5). Is i(g) a prime number?
False
Let n be 0 + (-18)/(-30) + 26/(-10). Is (-58088)/(-56) - n - 6/21 a prime number?
True
Let l(x) = 4464*x**2 - 10*x - 81. Let c be l(-6). Suppose -18*i = 10977 - c. Is i a prime number?
True
Let m = 573 + 157. Let t = -281 + m. Is t composite?
False
Let t = 4311 + -8424. Let b = -2641 + t. Let a = -3377 - b. Is a a prime number?
False
Suppose 0 = 45*v - 50*v + 35. Suppose 2*u + 10*z = v*z + 42530, u = -4*z + 21265. Is u a composite number?
True
Suppose 5*q = -5*q - 850. Let v = 80 + q. Is 120 + ((-2)/2 - (v - -5)) composite?
True
Suppose 7*b - b - 6 = 0. Let i(j) = -b - j - 23*j - 8. Is i(-13) composite?
True
Suppose 0 = -3*u - 10*i + 14*i + 44883, i - 59882 = -4*u. Is u a composite number?
False
Suppose -4*g = -4*j + 49152, -3*g - 5*j + 2*j = 36894. Let y = g - -21136. Is y a prime number?
False
Let p(i) = 54*i - 11. Let w be p(2). Let n(b) = -192*b + 379 + w*b + 98*b. Is n(0) a prime number?
True
Is (-4 - 126/(-28)) + 156318/12 a composite number?
True
Let b(a) = -a**2 + 15*a - 20. Let s be b(13). Suppose 2*u - 3*t = 5845, -4*u + 3*t - 5815 = -s*u. Suppose 6*z = z + u. Is z composite?
True
Suppose -1879414 = -3*p + 4*h, 2*p - 1262*h - 1252972 = -1263*h. Is p a composite number?
True
Suppose 0*j + 35 = 5*j. Let t = 3120 + -3109. Suppose -j*v + t*v = 308. Is v composite?
True
Suppose 4*q = -4*d + 68, -3*q - d = 5 - 50. Suppose 2*x - 22 = 5*b, -b = -3*x - 2*x - q. Is (-4)/2*705/b a composite number?
True
Let y(i) = -i**2 - 10*i - 14. Let l be y(-8). Suppose -4*h - 3*t - 3 = -l*h, 0 = -4*h + 4*t + 44. Suppose -w = h*w - 10255. Is w a prime number?
False
Suppose -3*f - 4*l = -7*f + 309736, -f + 77438 = -2*l. Suppose -f = 17*q - 47*q. Is q a prime number?
False
Suppose -87 + 69 = -6*l. Suppose 5*v - l*k - 100502 = 0, -2*v + 5*k = -6*v + 80409. Is v a composite number?
False
Suppose 60*a - 8023477 - 2267543 = 0. Is a prime?
True
Let k = 75 + -69. Suppose 0 = -3*b + b + k, 2*b = -j + 10. Let i = j + 33. Is i prime?
True
Let b be -10 - (1 - 12/3). Let a = b - -10. Suppose -a*j - 37 = -m, -j - j + 100 = 3*m. Is m composite?
True
Is (-20)/5 - (3 + -24123)/8 prime?
True
Let w = -7 + -2. Let c be (w + 8)/((-1)/668). Suppose 0 = -4*n - 2*t - 0*t + 1354, 0 = -2*n + 2*t + c. Is n prime?
True
Let b be 6 + -8 + (-5 - 1078). Let k = b - -1572. Is k composite?
False
Suppose 4*p - v - 25 = 4*v, -p - 5*v = 0. Suppose -p*l + 18 = 53. Is (-355)/(2 + l)*31 a composite number?
True
Suppose -2*o = 3*o + 830. Let y(w) = 9*w**2 + 110. Let h be y(-9). Let z = h + o. Is z prime?
True
Suppose -p + j = -2915, 3*j + 14 = 32. Is p composite?
True
Suppose 3*x - 5635 = -r + 9621, x + 2*r = 5077. Is x composite?
False
Let j = -53 + 50. Let m be (j - (3 - -3125))/1. Is 1/(-7)*m - 20/70 prime?
False
L